{"id":409,"date":"2020-04-28T20:20:59","date_gmt":"2020-04-28T18:20:59","guid":{"rendered":"http:\/\/podbaszta.bits4u.pl\/?page_id=409"},"modified":"2025-07-08T23:28:24","modified_gmt":"2025-07-08T21:28:24","slug":"kolonie-obozy-i-zielone-szkoly","status":"publish","type":"page","link":"http:\/\/podbaszta.bits4u.pl\/?page_id=409","title":{"rendered":"KOLONIE, OBOZY I ZIELONE SZKO\u0141Y"},"content":{"rendered":"\t\t<div data-elementor-type=\"wp-post\" data-elementor-id=\"409\" class=\"elementor elementor-409\">\n\t\t\t\t\t\t<div class=\"elementor-inner\">\n\t\t\t\t<div class=\"elementor-section-wrap\">\n\t\t\t\t\t\t\t\t\t<section class=\"elementor-section elementor-top-section elementor-element elementor-element-8ee04d3 elementor-section-stretched elementor-section-boxed elementor-section-height-default elementor-section-height-default\" data-id=\"8ee04d3\" data-element_type=\"section\" data-settings=\"{&quot;stretch_section&quot;:&quot;section-stretched&quot;}\">\n\t\t\t\t\t\t<div class=\"elementor-container elementor-column-gap-default\">\n\t\t\t\t\t\t\t<div class=\"elementor-row\">\n\t\t\t\t\t<div class=\"elementor-column elementor-col-100 elementor-top-column elementor-element elementor-element-dfa187c\" data-id=\"dfa187c\" data-element_type=\"column\">\n\t\t\t<div class=\"elementor-column-wrap elementor-element-populated\">\n\t\t\t\t\t\t\t<div class=\"elementor-widget-wrap\">\n\t\t\t\t\t\t<div class=\"elementor-element elementor-element-5e312e1 elementor-widget elementor-widget-text-editor\" data-id=\"5e312e1\" data-element_type=\"widget\" data-widget_type=\"text-editor.default\">\n\t\t\t\t<div class=\"elementor-widget-container\">\n\t\t\t\t\t\t\t\t<div class=\"elementor-text-editor elementor-clearfix\">\n\t\t\t\t<p><span style=\"color: #000000; font-family: 'Times New Roman', serif; font-size: large;\"><span style=\"display: inline !important; float: none; background-color: #ffffff; color: #7a7a7a; font-family: 'Roboto',Sans-serif; font-size: 20px; font-style: normal; font-variant: normal; font-weight: 400; letter-spacing: normal; orphans: 2; text-align: center; text-decoration: none; text-indent: 0px; text-transform: none; -webkit-text-stroke-width: 0px; white-space: normal; word-spacing: 0px;\">Od zawsze na terenie O\u015brodka Wypoczynkowego &#8222;Pod Baszt\u0105&#8221; organizowane s\u0105 kolonie i obozy dla dzieci i m\u0142odzie\u017cy. Proponowane oferty wypoczynku dla dzieci i m\u0142odzie\u017cy maj\u0105 r\u00f3\u017cny charakter, np.: wymiany mi\u0119dzynarodowe m\u0142odzie\u017cy, warsztaty historyczne, ekologiczne, profilaktyczne, sportowo-integracyjne, obywatelskie itp. O\u015brodek dysponuje miejscami do noclegu na ponad 60 os\u00f3b oraz do\u015bwiadczon\u0105 i wysoko wykwalifikowan\u0105 kadr\u0105 pedagogiczn\u0105 oraz ratownikami pilnuj\u0105cymi bezpiecze\u0144stwa wypoczywaj\u0105cych dzieci i m\u0142odzie\u017cy podczas pobytu nad wod\u0105. Zapraszamy do wsp\u00f3lnej organizacji na naszym o\u015brodku wielu ciekawych przedsi\u0119wzi\u0119\u0107 ukierunkowanych dla m\u0142odego pokolenia. Nasz obiekt posiada ponad 60-letnie do\u015bwiadczenie przy organizacji tego typu form wypoczynku.<\/span><\/span><\/p>\t\t\t\t\t<\/div>\n\t\t\t\t\t\t<\/div>\n\t\t\t\t<\/div>\n\t\t\t\t\t\t<\/div>\n\t\t\t\t\t<\/div>\n\t\t<\/div>\n\t\t\t\t\t\t\t\t<\/div>\n\t\t\t\t\t<\/div>\n\t\t<\/section>\n\t\t\t\t<section class=\"elementor-section elementor-top-section elementor-element elementor-element-98ff9fd elementor-section-stretched elementor-section-boxed elementor-section-height-default elementor-section-height-default\" data-id=\"98ff9fd\" data-element_type=\"section\" data-settings=\"{&quot;stretch_section&quot;:&quot;section-stretched&quot;}\">\n\t\t\t\t\t\t<div class=\"elementor-container elementor-column-gap-default\">\n\t\t\t\t\t\t\t<div class=\"elementor-row\">\n\t\t\t\t\t<div class=\"elementor-column elementor-col-100 elementor-top-column elementor-element elementor-element-5fb439b\" data-id=\"5fb439b\" data-element_type=\"column\">\n\t\t\t<div class=\"elementor-column-wrap elementor-element-populated\">\n\t\t\t\t\t\t\t<div class=\"elementor-widget-wrap\">\n\t\t\t\t\t\t<div class=\"elementor-element elementor-element-f824b87 elementor-widget elementor-widget-image-gallery\" data-id=\"f824b87\" data-element_type=\"widget\" data-widget_type=\"image-gallery.default\">\n\t\t\t\t<div class=\"elementor-widget-container\">\n\t\t\t\t\t<div class=\"elementor-image-gallery\">\n\t\t\t<div id='gallery-1' class='gallery galleryid-409 gallery-columns-6 gallery-size-thumbnail'><figure class='gallery-item'>\n\t\t\t<div class='gallery-icon landscape'>\n\t\t\t\t<a data-elementor-open-lightbox=\"yes\" data-elementor-lightbox-slideshow=\"f824b87\" data-elementor-lightbox-title=\"IMG-20220814-WA0033\" e-action-hash=\"#elementor-action%3Aaction%3Dlightbox%26settings%3DeyJpZCI6NzQ5LCJ1cmwiOiJodHRwOlwvXC9wb2RiYXN6dGEuYml0czR1LnBsXC93cC1jb250ZW50XC91cGxvYWRzXC8yMDIyXC8xMVwvSU1HLTIwMjIwODE0LVdBMDAzMy5qcGciLCJzbGlkZXNob3ciOiJmODI0Yjg3In0%3D\" href='http:\/\/podbaszta.bits4u.pl\/wp-content\/uploads\/2022\/11\/IMG-20220814-WA0033.jpg'><img width=\"150\" height=\"150\" src=\"http:\/\/podbaszta.bits4u.pl\/wp-content\/uploads\/2022\/11\/IMG-20220814-WA0033-150x150.jpg\" class=\"attachment-thumbnail size-thumbnail\" alt=\"\" decoding=\"async\" loading=\"lazy\" srcset=\"http:\/\/podbaszta.bits4u.pl\/wp-content\/uploads\/2022\/11\/IMG-20220814-WA0033-150x150.jpg 150w, http:\/\/podbaszta.bits4u.pl\/wp-content\/uploads\/2022\/11\/IMG-20220814-WA0033-100x100.jpg 100w\" sizes=\"100vw\" \/><\/a>\n\t\t\t<\/div><\/figure><figure class='gallery-item'>\n\t\t\t<div class='gallery-icon landscape'>\n\t\t\t\t<a data-elementor-open-lightbox=\"yes\" data-elementor-lightbox-slideshow=\"f824b87\" data-elementor-lightbox-title=\"IMG_20220910_154603\" e-action-hash=\"#elementor-action%3Aaction%3Dlightbox%26settings%3DeyJpZCI6NzQ0LCJ1cmwiOiJodHRwOlwvXC9wb2RiYXN6dGEuYml0czR1LnBsXC93cC1jb250ZW50XC91cGxvYWRzXC8yMDIyXC8xMVwvSU1HXzIwMjIwOTEwXzE1NDYwMy5qcGciLCJzbGlkZXNob3ciOiJmODI0Yjg3In0%3D\" href='http:\/\/podbaszta.bits4u.pl\/wp-content\/uploads\/2022\/11\/IMG_20220910_154603.jpg'><img width=\"150\" height=\"150\" src=\"http:\/\/podbaszta.bits4u.pl\/wp-content\/uploads\/2022\/11\/IMG_20220910_154603-150x150.jpg\" class=\"attachment-thumbnail size-thumbnail\" alt=\"\" decoding=\"async\" loading=\"lazy\" srcset=\"http:\/\/podbaszta.bits4u.pl\/wp-content\/uploads\/2022\/11\/IMG_20220910_154603-150x150.jpg 150w, http:\/\/podbaszta.bits4u.pl\/wp-content\/uploads\/2022\/11\/IMG_20220910_154603-100x100.jpg 100w\" sizes=\"100vw\" \/><\/a>\n\t\t\t<\/div><\/figure><figure class='gallery-item'>\n\t\t\t<div class='gallery-icon landscape'>\n\t\t\t\t<a data-elementor-open-lightbox=\"yes\" data-elementor-lightbox-slideshow=\"f824b87\" data-elementor-lightbox-title=\"IMG-20220816-WA0081\" e-action-hash=\"#elementor-action%3Aaction%3Dlightbox%26settings%3DeyJpZCI6NzY2LCJ1cmwiOiJodHRwOlwvXC9wb2RiYXN6dGEuYml0czR1LnBsXC93cC1jb250ZW50XC91cGxvYWRzXC8yMDIyXC8xMVwvSU1HLTIwMjIwODE2LVdBMDA4MS5qcGciLCJzbGlkZXNob3ciOiJmODI0Yjg3In0%3D\" href='http:\/\/podbaszta.bits4u.pl\/wp-content\/uploads\/2022\/11\/IMG-20220816-WA0081.jpg'><img width=\"150\" height=\"150\" src=\"http:\/\/podbaszta.bits4u.pl\/wp-content\/uploads\/2022\/11\/IMG-20220816-WA0081-150x150.jpg\" class=\"attachment-thumbnail size-thumbnail\" alt=\"\" decoding=\"async\" loading=\"lazy\" srcset=\"http:\/\/podbaszta.bits4u.pl\/wp-content\/uploads\/2022\/11\/IMG-20220816-WA0081-150x150.jpg 150w, http:\/\/podbaszta.bits4u.pl\/wp-content\/uploads\/2022\/11\/IMG-20220816-WA0081-100x100.jpg 100w\" sizes=\"100vw\" \/><\/a>\n\t\t\t<\/div><\/figure><figure class='gallery-item'>\n\t\t\t<div class='gallery-icon landscape'>\n\t\t\t\t<a data-elementor-open-lightbox=\"yes\" data-elementor-lightbox-slideshow=\"f824b87\" data-elementor-lightbox-title=\"IMG_20220910_110748\" e-action-hash=\"#elementor-action%3Aaction%3Dlightbox%26settings%3DeyJpZCI6NzQyLCJ1cmwiOiJodHRwOlwvXC9wb2RiYXN6dGEuYml0czR1LnBsXC93cC1jb250ZW50XC91cGxvYWRzXC8yMDIyXC8xMVwvSU1HXzIwMjIwOTEwXzExMDc0OC5qcGciLCJzbGlkZXNob3ciOiJmODI0Yjg3In0%3D\" href='http:\/\/podbaszta.bits4u.pl\/wp-content\/uploads\/2022\/11\/IMG_20220910_110748.jpg'><img width=\"150\" height=\"150\" src=\"http:\/\/podbaszta.bits4u.pl\/wp-content\/uploads\/2022\/11\/IMG_20220910_110748-150x150.jpg\" class=\"attachment-thumbnail size-thumbnail\" alt=\"\" decoding=\"async\" loading=\"lazy\" srcset=\"http:\/\/podbaszta.bits4u.pl\/wp-content\/uploads\/2022\/11\/IMG_20220910_110748-150x150.jpg 150w, http:\/\/podbaszta.bits4u.pl\/wp-content\/uploads\/2022\/11\/IMG_20220910_110748-100x100.jpg 100w\" sizes=\"100vw\" \/><\/a>\n\t\t\t<\/div><\/figure><figure class='gallery-item'>\n\t\t\t<div class='gallery-icon landscape'>\n\t\t\t\t<a data-elementor-open-lightbox=\"yes\" data-elementor-lightbox-slideshow=\"f824b87\" data-elementor-lightbox-title=\"IMG-20220816-WA0074\" e-action-hash=\"#elementor-action%3Aaction%3Dlightbox%26settings%3DeyJpZCI6NzM1LCJ1cmwiOiJodHRwOlwvXC9wb2RiYXN6dGEuYml0czR1LnBsXC93cC1jb250ZW50XC91cGxvYWRzXC8yMDIyXC8xMVwvSU1HLTIwMjIwODE2LVdBMDA3NC5qcGciLCJzbGlkZXNob3ciOiJmODI0Yjg3In0%3D\" href='http:\/\/podbaszta.bits4u.pl\/wp-content\/uploads\/2022\/11\/IMG-20220816-WA0074.jpg'><img width=\"150\" height=\"150\" src=\"http:\/\/podbaszta.bits4u.pl\/wp-content\/uploads\/2022\/11\/IMG-20220816-WA0074-150x150.jpg\" class=\"attachment-thumbnail size-thumbnail\" alt=\"\" decoding=\"async\" loading=\"lazy\" srcset=\"http:\/\/podbaszta.bits4u.pl\/wp-content\/uploads\/2022\/11\/IMG-20220816-WA0074-150x150.jpg 150w, http:\/\/podbaszta.bits4u.pl\/wp-content\/uploads\/2022\/11\/IMG-20220816-WA0074-100x100.jpg 100w\" sizes=\"100vw\" \/><\/a>\n\t\t\t<\/div><\/figure><figure class='gallery-item'>\n\t\t\t<div class='gallery-icon landscape'>\n\t\t\t\t<a data-elementor-open-lightbox=\"yes\" data-elementor-lightbox-slideshow=\"f824b87\" data-elementor-lightbox-title=\"298141352_569834878011159_5842287378636752160_n\" e-action-hash=\"#elementor-action%3Aaction%3Dlightbox%26settings%3DeyJpZCI6NzMwLCJ1cmwiOiJodHRwOlwvXC9wb2RiYXN6dGEuYml0czR1LnBsXC93cC1jb250ZW50XC91cGxvYWRzXC8yMDIyXC8xMVwvMjk4MTQxMzUyXzU2OTgzNDg3ODAxMTE1OV81ODQyMjg3Mzc4NjM2NzUyMTYwX24uanBnIiwic2xpZGVzaG93IjoiZjgyNGI4NyJ9\" href='http:\/\/podbaszta.bits4u.pl\/wp-content\/uploads\/2022\/11\/298141352_569834878011159_5842287378636752160_n.jpg'><img width=\"150\" height=\"150\" src=\"http:\/\/podbaszta.bits4u.pl\/wp-content\/uploads\/2022\/11\/298141352_569834878011159_5842287378636752160_n-150x150.jpg\" class=\"attachment-thumbnail size-thumbnail\" alt=\"\" decoding=\"async\" loading=\"lazy\" srcset=\"http:\/\/podbaszta.bits4u.pl\/wp-content\/uploads\/2022\/11\/298141352_569834878011159_5842287378636752160_n-150x150.jpg 150w, http:\/\/podbaszta.bits4u.pl\/wp-content\/uploads\/2022\/11\/298141352_569834878011159_5842287378636752160_n-100x100.jpg 100w\" sizes=\"100vw\" \/><\/a>\n\t\t\t<\/div><\/figure>\n\t\t<\/div>\n\t\t<\/div>\n\t\t\t\t<\/div>\n\t\t\t\t<\/div>\n\t\t\t\t\t\t<\/div>\n\t\t\t\t\t<\/div>\n\t\t<\/div>\n\t\t\t\t\t\t\t\t<\/div>\n\t\t\t\t\t<\/div>\n\t\t<\/section>\n\t\t\t\t\t\t\t\t\t<\/div>\n\t\t\t<\/div>\n\t\t\t\t\t<\/div>\n\t\t","protected":false},"excerpt":{"rendered":"<p>Od zawsze na terenie O\u015brodka Wypoczynkowego &#8222;Pod Baszt\u0105&#8221; organizowane s\u0105 kolonie i obozy dla dzieci i m\u0142odzie\u017cy. Proponowane oferty wypoczynku dla dzieci i m\u0142odzie\u017cy maj\u0105 r\u00f3\u017cny charakter, np.: wymiany mi\u0119dzynarodowe m\u0142odzie\u017cy, warsztaty historyczne, ekologiczne, profilaktyczne, sportowo-integracyjne, obywatelskie itp. O\u015brodek dysponuje miejscami do noclegu na ponad 60 os\u00f3b oraz do\u015bwiadczon\u0105 i wysoko wykwalifikowan\u0105 kadr\u0105 pedagogiczn\u0105 oraz &hellip; <\/p>\n<p class=\"link-more\"><a href=\"http:\/\/podbaszta.bits4u.pl\/?page_id=409\" class=\"more-link\">Czytaj dalej<span class=\"screen-reader-text\"> KOLONIE, OBOZY I ZIELONE SZKO\u0141Y<\/span><\/a><\/p>\n","protected":false},"author":1,"featured_media":0,"parent":0,"menu_order":0,"comment_status":"closed","ping_status":"closed","template":"","meta":[],"_links":{"self":[{"href":"http:\/\/podbaszta.bits4u.pl\/index.php?rest_route=\/wp\/v2\/pages\/409"}],"collection":[{"href":"http:\/\/podbaszta.bits4u.pl\/index.php?rest_route=\/wp\/v2\/pages"}],"about":[{"href":"http:\/\/podbaszta.bits4u.pl\/index.php?rest_route=\/wp\/v2\/types\/page"}],"author":[{"embeddable":true,"href":"http:\/\/podbaszta.bits4u.pl\/index.php?rest_route=\/wp\/v2\/users\/1"}],"replies":[{"embeddable":true,"href":"http:\/\/podbaszta.bits4u.pl\/index.php?rest_route=%2Fwp%2Fv2%2Fcomments&post=409"}],"version-history":[{"count":13,"href":"http:\/\/podbaszta.bits4u.pl\/index.php?rest_route=\/wp\/v2\/pages\/409\/revisions"}],"predecessor-version":[{"id":897,"href":"http:\/\/podbaszta.bits4u.pl\/index.php?rest_route=\/wp\/v2\/pages\/409\/revisions\/897"}],"wp:attachment":[{"href":"http:\/\/podbaszta.bits4u.pl\/index.php?rest_route=%2Fwp%2Fv2%2Fmedia&parent=409"}],"curies":[{"name":"wp","href":"https:\/\/api.w.org\/{rel}","templated":true}]}}